be ((-26)/(-39))/(1/33). What is the highest common divisor of 88 and l?
22
Let m = 3 + 20. Let h(f) = 22*f**3 - 2*f - 3. Let o(n) = n + 1. Let k(d) = -h(d) - 3*o(d). Let a be k(-1). Calculate the highest common factor of m and a.
23
Suppose -3*k = -2*r - 27, r + 5*k = 5*r + 49. Let v = r + 9. Suppose 0 = -v*p + 13 + 11. What is the greatest common factor of 8 and p?
8
Suppose -9 + 35 = n. What is the greatest common factor of n and 65?
13
Let s be (-222)/(-42) + (-4)/14. Suppose 3*z = 2*h + s*z - 22, -5*z - 17 = -4*h. What is the greatest common divisor of h and 8?
8
Let c = -22 - -31. Suppose l = 4*l - c, 3*l = -3*z + 45. Calculate the greatest common factor of 6 and z.
6
Let f be ((-98)/4)/7*-2. Calculate the highest common factor of f and 63.
7
Suppose -3*r = -k - 3*k - 105, 0 = 2*r - k - 70. Calculate the highest common factor of r and 5.
5
Let t(v) = 9*v + 28. Let w be t(12). What is the greatest common factor of w and 34?
34
Suppose 0 = -y - 2*d + 67, 3*y + 4*d + 65 - 268 = 0. Suppose 0 = 8*b - 2*b - 24. Suppose -b*c = -c - y. What is the greatest common divisor of 92 and c?
23
Let i = -11 + 7. Let f be (-2)/(0 - (-1)/i). Calculate the highest common divisor of 8 and f.
8
Let y = 5 - -11. Let q = 1 - -3. What is the highest common divisor of y and q?
4
Let x be -3 + 4 + (1 - -1). What is the highest common factor of 9 and x?
3
Let i(r) = r**2 - r + 4. Let d be i(3). Let y(f) = -3*f**3 - 3*f**2 + f + 2. Let z be y(-3). Let p = -3 + z. Calculate the greatest common divisor of p and d.
10
Suppose -6*n = -100 + 4. What is the highest common factor of 2 and n?
2
Suppose 3*u = 3 - 0. Suppose 83 = 2*t + t - d, 3*t + 4*d - 73 = 0. Let j = t + -16. What is the highest common divisor of j and u?
1
Let d = -16 + -9. Let j = d - -49. What is the greatest common factor of 16 and j?
8
Let k be (30/6)/5 + 4. What is the greatest common factor of 25 and k?
5
Suppose 61 = p + 3*p - l, 0 = 2*p - 5*l - 17. Suppose -2*a + p = 4. Calculate the highest common factor of 60 and a.
6
Let x be 48/(-21) + (-4)/(-14). Let v be x/(-5) + (-14)/35. Suppose v = -5*b + 2*b + 12. What is the highest common factor of b and 4?
4
Let d(v) = v**3 - v**2 + 1. Let j be d(4). Let x = j - -42. What is the highest common factor of x and 13?
13
Suppose 3*h + 117 = 4*a + 36, 121 = 4*a + 5*h. Suppose 1363*q - 1369*q + 36 = 0. What is the greatest common divisor of q and a?
6
Suppose -5*x + 2*r = -102, 59 + 3 = 3*x - r. Suppose 3*c + x - 227 = 2*v, -5 = v. What is the highest common divisor of 13 and c?
13
Let p(f) = -7*f**3 + 1. Let m be p(-1). Let n be (-13)/117 - (-2)/18. Suppose -6*j + 3*j + 96 = n. Calculate the greatest common factor of j and m.
8
Let k = -6 + 7. Let o = -10 - -10. Suppose 4 = i - o*i. What is the greatest common factor of k and i?
1
Let r = 13 + -9. Let u(p) = 10*p + 4. Let q be u(r). Calculate the highest common factor of 4 and q.
4
Let o(r) = 5*r**2 - 6*r - 5. Suppose 6*l - 3*l - 5*a = 35, -4*a = -2*l + 26. Let d be o(l). What is the highest common factor of d and 18?
18
Let i be 1/(3/(6/2)). Let u(h) be the second derivative of -h**3/6 - h**2 + 3*h. Let j be u(-3). What is the greatest common factor of j and i?
1
Suppose 124 = 4*u + 16. Calculate the highest common divisor of 3 and u.
3
Let l be 18/8*(-48)/(-9). Calculate the greatest common divisor of l and 12.
12
Let v(s) = -s**2 + 9*s + 2. Let m be (26/6)/((-4)/(-48)). Let n be (-2)/(-6) - m/(-6). Let x be v(n). Calculate the greatest common divisor of x and 4.
2
Let i(o) = -25*o. Let a be i(-1). Let t = a + -17. Let y = 11 - t. Calculate the greatest common factor of 1 and y.
1
Let i be 2 + 0 + 2 - 1. Let s = -1 + i. Suppose -s*d + 4 = 2*d. Calculate the greatest common divisor of 8 and d.
1
Suppose -4*d + 144 = -0*d. What is the greatest common divisor of d and 54?
18
Suppose 0 = -3*r + 6, 5*h - 8 = 3*h - 2*r. Suppose 5 = -h*x + 17. Suppose -5*j = -x - 4. Calculate the greatest common factor of 2 and j.
2
Let i be 1/((-3)/90*-2). Let n be ((-70)/3)/((-10)/i). What is the highest common factor of n and 5?
5
Suppose 0 = 6*h - 29 - 115. What is the greatest common divisor of h and 3?
3
Suppose -20*y = -18*y - 10. What is the highest common factor of 20 and y?
5
Suppose -100 = -3*k - 4*p, -4*p + 0 + 44 = k. What is the greatest common divisor of k and 42?
14
Suppose b - 245 = -2*s, -6*b = -3*s - 3*b + 390. What is the greatest common factor of 50 and s?
25
Suppose -15*m + 13*m + 28 = 0. What is the highest common divisor of m and 70?
14
Suppose -142 = -5*a + 2*g, 4*a + 4*g - 58 - 50 = 0. Suppose 2*j - a = -0*j. What is the highest common factor of j and 154?
14
Suppose 29 = -86*y + 87*y. Calculate the greatest common divisor of y and 319.
29
Suppose -p + 10 = p, 0 = -4*d + p - 177. Suppose -3*c + 143 = 2*o, 4*o - 56 - 233 = -3*c. Let f = d + o. What is the greatest common divisor of 75 and f?
15
Let t = 7 + 0. Suppose 7*j = 2*j + 1140. Let q = j + -151. Calculate the greatest common factor of t and q.
7
Let a(o) = 3*o + 6. Let c be a(10). What is the highest common divisor of c and 9?
9
Suppose 5*c - 3*h - 61 = 0, 4*c + h = -2*h + 65. What is the greatest common divisor of 70 and c?
14
Suppose 4*s - 4*g = 323 - 59, -2*s + 4*g + 136 = 0. Let n = s - 38. Suppose -4*x = -10 - n. What is the highest common factor of x and 63?
9
Let s be 93/12 + 6/(-8). Let u = 11 - s. Suppose -u*f + 4*i + 62 = f, -i = 3. Calculate the highest common divisor of 40 and f.
10
Let z be 4/(-26) + (-4235)/(-65). What is the highest common divisor of z and 13?
13
Let d be (-1 - 4/(-3))*3. What is the greatest common factor of d and 3?
1
Suppose 5*n - 128 = -b - 28, 0 = -5*b + 5*n + 350. Suppose 5*q - 55 = b. Suppose 4*h - 6*h + q = 0. Calculate the highest common divisor of h and 13.
13
Let s(z) = -3*z**3 - z**3 + 2*z**3. Let c be s(-1). Suppose 5*j = 30 + 50. Calculate the greatest common divisor of c and j.
2
Let q be (-2)/((-4)/82)*-1. Let u = q + 60. Let m = -8 + u. What is the highest common divisor of 1 and m?
1
Suppose 0 = -l + 3*r + 2*r + 36, 2*l = 3*r + 93. Calculate the highest common divisor of l and 17.
17
Let i(t) = -t**2 - 5*t + 8. Let n be i(-6). Let p be -1*(2 + -7 + n). Calculate the greatest common divisor of p and 15.
3
Let a = 100 - 78. What is the highest common factor of a and 198?
22
Suppose g = 2 + 8. Let n = g + -7. Let s = 10 - 1. What is the highest common factor of s and n?
3
Let w be 2/(-3)*(19 + -1). Let z be ((-1)/2)/((-5)/260). Let t = z + w. What is the greatest common factor of t and 112?
14
Let j be 2 - (1*-66)/(-2). Let p = j + 66. Calculate the greatest common factor of 5 and p.
5
Let j(w) = -6*w**2 + 13*w + 11. Let s(y) = 3*y**2 - 7*y - 6. Let q(r) = -6*j(r) - 11*s(r). Let n be q(-3). What is the greatest common factor of n and 6?
6
Suppose -3*l = -0 - 45. Let g be (7/21)/(1/6). Suppose x - 315 = -g*x. Calculate the greatest common factor of l and x.
15
Let v = 18 + -12. Suppose 0 = 5*d + 20, -z - 2*z = 3*d + v. Calculate the greatest common divisor of 1 and z.
1
Suppose -n - 139 = -2*c - 29, n - 2 = 0. Let x(u) = -u**2 - 19*u - 82. Let i be x(-10). What is the greatest common divisor of i and c?
8
Suppose 5*h - 90 = -15. Let g(x) = -30*x**3 + x**2 - 1. Let b be g(-1). What is the greatest common divisor of b and h?
15
Let c = 337 - 327. Let i be ((-10)/6)/(2/(-12)). What is the greatest common factor of c and i?
10
Let v be (6 - 6) + 13 + -7. Let k = 1 + -1. Suppose k = o - 2*s - 4, -3*o - 3*s = -s - 20. Calculate the greatest common factor of o and v.
6
Let i = -1 + -1. Let q = i - -7. Suppose 0 = -5*p + q, -4*b + 3*p + 77 = -2*b. Calculate the highest common divisor of 10 and b.
10
Suppose 17 = 5*n + 2. Let j(g) = 0*g - 9 + 15*g - n*g. Let t be j(6). What is the greatest common factor of t and 7?
7
Let g be (3/(-4))/((-6)/960). What is the greatest common divisor of g and 12?
12
Let d be 1/(-4) - (-15)/12. Let t be (6/4)/(1/2). What is the highest common divisor of t and d?
1
Let l be (-87)/(-5) - (-8)/(-20). What is the greatest common divisor of l and 85?
17
Suppose 0 = -2*i - 4, 0 = n - 4*i - 0 - 18. Suppose 0 = -5*g - 4*q + 12, -5*g - 4*q = -3*g. What is the highest common factor of n and g?
2
Let l be 9/3 + 2 + -2. Let o be ((-4)/8)/((-1)/24). Calculate the highest common divisor of